*j - 7. What is the units digit of y?
5
Let k = 651 - 411. What is the hundreds digit of k?
2
Let l = -24 + 27. Suppose -l*n + k = -431, -2*n = 2*k - 5*k - 292. What is the units digit of n?
3
Suppose -2*t + 297 = -3*n - 6*t, n = t - 106. Suppose -5*q = 3*p - 479, 7 = 4*q + 3. Let g = n + p. What is the tens digit of g?
5
Let o = 16 + -18. Let u(g) = -g**3 - g**2 - g + 21. Let z be u(0). Let a = o + z. What is the tens digit of a?
1
Suppose 2*q = 5*k - 21695, 13031 = -2*k + 5*k - 4*q. What is the units digit of k?
7
Let y = -31 - -59. Suppose -y*z + 98 = -26*z. What is the tens digit of z?
4
Let w(i) = 3*i**2 - 4*i + 10. Suppose 9*a - 15 = 6*a. What is the units digit of w(a)?
5
Suppose 6*h - 5615 = 2011. What is the thousands digit of h?
1
Let m(w) = -w. Suppose 2*i = 7*i + 5. Let u = i - 3. What is the units digit of m(u)?
4
Suppose 52*o - 6 = 51*o. Suppose -o*s = -s - 250. What is the units digit of s?
0
Let w(q) = -q - 1. Let z(g) = -24*g + 1. Let b(y) = 5*w(y) + z(y). What is the tens digit of b(-2)?
5
Suppose -6 = -2*i, -4*i + 3*i = -2*d + 9. Suppose -d*s + 2*q = -s - 369, -3*s + 219 = -2*q. What is the units digit of s?
5
Suppose -4*m + 4*a - 184 = 5*a, 46 = -m + 3*a. Let t = 80 + m. What is the units digit of t?
4
Let t(x) = x**3 - 6*x**2 - x - 3. Let f be 7/(-4)*(-13 - -9). Let j be t(f). Suppose 2*v - 3*r = 30 + j, -3*v + 91 = -2*r. What is the tens digit of v?
2
What is the tens digit of ((-5)/(-4))/((-1)/(-624))?
8
Let s = -915 - -1593. What is the tens digit of s?
7
Let l(t) = -14*t - 4. Let o = -3 - -6. Suppose h + 7 = -0*f - f, f + o*h = -13. What is the units digit of l(f)?
2
Let b(s) = 1 - 4*s - 13 + 2*s - s. Let i be b(-5). What is the units digit of (5 - 8)*(-34)/i?
4
Let w(o) = 1 - 5 + 3 + o. Let f(g) = 5*g - 6. Let v(l) = f(l) - 4*w(l). What is the units digit of v(7)?
5
Suppose -4*y + 7*y - 30 = 0. Suppose -y = 2*n - 3*n. What is the tens digit of n?
1
Suppose -7*z = -19*z + 1836. What is the hundreds digit of z?
1
Let n = -21 + 22. Let k(p) = 12*p**2 + 1. Let i be k(n). Suppose i*m - 9*m - 128 = 0. What is the units digit of m?
2
Let r(w) = 33*w**3 + 19*w**2 + 6*w - 7. What is the thousands digit of r(5)?
4
Let o(p) = 4*p**2 + 69*p - 115. What is the units digit of o(23)?
8
Suppose -380 = -5*o + 5*f, 4*o - f - 105 = 184. Suppose 8*r + 137 + o = 0. Let j = -22 - r. What is the units digit of j?
4
Let t = 48 - 37. Suppose u - t + 52 = 3*y, -3*y + 2*u = -37. What is the units digit of y?
5
Suppose 3*o - 46 = 215. What is the units digit of o/(0 - -3) + 0?
9
Suppose 3*s = -4*m + 5*m + 88, 2*s - 72 = 4*m. Suppose 0 = f, 0 = 3*t - f + 88 - s. What is the units digit of t/30*18/(-4)?
3
Let w(n) = -n**3 - 3*n**2 - 5. Let d(f) be the third derivative of -f**4/24 + 5*f**3/6 + 3*f**2. Let c be d(9). What is the units digit of w(c)?
1
Suppose -4*l - j + 14 = 0, -4*l - 8 = -7*l - 2*j. Suppose l*k - 40 = 64. What is the tens digit of k?
2
Let t(q) = -1 + q**2 - 9 + 10*q - 2*q**2. Suppose 3*j = 39 - 18. What is the units digit of t(j)?
1
Let j = -660 + 1160. What is the hundreds digit of j?
5
Suppose 0 = -4*c - 2*n + 3572, 2*n + n - 893 = -c. Suppose -4*y + c = 157. What is the tens digit of y?
8
Let n(c) = -c - 6. Let m = 12 - 12. Let q be n(m). What is the tens digit of (q + 0)*(12 + -17)?
3
Suppose 5*g = 255 + 355. Suppose d - 4*z - g = 27, 4*z - 346 = -2*d. What is the units digit of d?
5
Let l(p) = p**2 + 10*p + 8. Let s be (-3)/(-5) + 1017/(-45). What is the hundreds digit of l(s)?
2
Suppose -2*b - 3*b + 2*n = 3, b = 2*n + 1. What is the tens digit of (b - -4)*584/24?
7
Let l = -325 - -692. What is the tens digit of l?
6
Suppose -a - 709 = -d, 19*d + a - 1418 = 17*d. What is the hundreds digit of d?
7
Suppose -3*z - 3*d = -5082, -3364 = 2*z - 4*z + 4*d. What is the units digit of z?
0
Let r = 0 - -1. Let l(p) = 18*p**2 + p - 1. Let c(o) = -o. Let j(a) = r*l(a) + 2*c(a). What is the units digit of j(-1)?
8
What is the hundreds digit of (1 - 39/33) + (-8672)/(-22)?
3
Suppose -x = -35 - 28. What is the units digit of (-3)/(6/4*(-42)/x)?
3
Suppose 10*l = 3*l + 392. Suppose 4*z + l = -0*z. What is the units digit of 1188/28 - 8/z?
3
Suppose 2*k - f - 1198 = -114, k = f + 540. What is the tens digit of k?
4
Suppose z - 19 = 14. Let h = -14 + z. Suppose -5*g + h + 56 = 0. What is the tens digit of g?
1
Let u = -17 - -68. Suppose 117 = 4*p + 9. Let h = u - p. What is the units digit of h?
4
Let t(v) = 15*v**3 + 31*v**2 + 27*v + 5. Let y(s) = 7*s**3 + 15*s**2 + 13*s + 2. Let o(d) = 6*t(d) - 13*y(d). What is the tens digit of o(-9)?
6
Suppose k = 1 + 11. Suppose 2 = 3*j - 2*x - 2, 2*j + x - k = 0. Suppose p - 33 = j*s, 0*p - p - 3 = 5*s. What is the tens digit of p?
1
What is the thousands digit of (-22203)/6*(-84)/126?
2
Let a(x) = -8*x - 2. Let r(v) = -15*v - 3. Let d(k) = -11*a(k) + 6*r(k). Let n = -31 - -21. What is the tens digit of d(n)?
2
Suppose 1 = -j - 1, 4*c - 4*j = -816. What is the tens digit of (-18)/42 + c/(-7)?
2
Suppose -2*i = 4*v - 6*i - 7988, -5*v - i = -9967. What is the hundreds digit of v?
9
Suppose 3*l + 3*i = 2 - 17, -4*l + 10 = -2*i. What is the units digit of (-2 + l)/(6/(-372))?
4
Suppose -2*q - 2*z - 194 = 3*q, 5*q + 188 = -4*z. Let h = 270 + q. What is the hundreds digit of h?
2
Let c(a) = 4*a**2 + 22*a - 14. What is the hundreds digit of c(-15)?
5
Suppose -2*k = -452 - 528. What is the units digit of k?
0
Suppose -2*o + 200 = -136. What is the hundreds digit of o?
1
Let s be (351/12)/((-1)/(-4)). Let k be 5/((3 - 2) + 0). Suppose k*m - 28 = s. What is the units digit of m?
9
Suppose 0 = 2*k - k - 4. Let r = 43 - 43. Suppose -4*v + 198 = -v - 2*q, 4*v + k*q - 244 = r. What is the tens digit of v?
6
Suppose 9*q - 6*q + 3*z - 3 = 0, -5*z = 4*q. Suppose 850 = -q*n + 10*n. What is the units digit of n?
0
Suppose 2*l = -0 + 28. Suppose 0 = -l*b + 13*b + 3. What is the units digit of (1/b)/(3/297)?
3
Let f(z) = 16*z + 214. What is the hundreds digit of f(0)?
2
Suppose -3*n - 5*c + 2057 - 707 = 0, 0 = -4*c. What is the units digit of n/3*(28/10 - 2)?
0
Let a = -16472 - -9692. What is the units digit of 2/11 + a/(-220)?
1
Let s(b) = b**2 + 2*b - 3. Let x be s(-4). Suppose c - 14 = 2*z, -4*c - z + 1 = -10. Suppose -20 = x*f - 0*f, -c*n + 152 = -4*f. What is the units digit of n?
4
What is the units digit of 609/14*20/3?
0
Let h = -25 - -14. Let w be h/(-3) + 2/6. Suppose 0 = q + 4*p - 32, -q - 10 = -w*p - 2. What is the tens digit of q?
1
Let g = -20 + 20. Suppose 5*l - 311 + 51 = g. What is the units digit of l?
2
Let y(s) = -s**2 - 10*s + 5. Let w be y(-11). What is the units digit of (w/(-4) + -1)*(-508)/(-2)?
7
Let b(j) = -16*j**2 + 6*j + 4. Let n(p) = -8*p**2 + 3*p + 2. Let q(a) = 3*b(a) - 5*n(a). Let x be q(3). Let z = -33 - x. What is the units digit of z?
8
What is the units digit of ((-10)/3)/(((-50)/(-15))/(-10))?
0
Suppose 4*n - 2 - 18 = 0. Suppose 7*r - 6*r = n. Suppose 3*g - 43 = r*y, 0 = g - y - 3*y - 19. What is the units digit of g?
1
Let h(l) = 198 - l**2 - 119*l**3 - 196 + l - 2*l**2. What is the hundreds digit of h(-1)?
1
Suppose 0*l = -l + n, 4*l - 2*n + 8 = 0. What is the units digit of (416/(-24))/(l/6)?
6
Let l be ((-13)/(-26))/((-2)/(-456)). Suppose -2*y = 4*x - l, -y - 3*y + 278 = -2*x. What is the tens digit of y?
6
Let a(d) = 5*d**2 + 12*d - 6. Let v be a(-3). Suppose -v*b - 2*w + 743 = 0, -w + 0*w = -3*b + 749. What is the units digit of b?
9
Let z be (-2125)/(-11) - 6/33. Let x = z + -111. What is the tens digit of x?
8
Let s be (-2)/5 - 6/(-15). Suppose -8 = -2*x, s*x - 5*x + 14 = -3*g. Let a(m) = 3*m**3 - m**2 + m + 2. What is the tens digit of a(g)?
2
Let f = -301 + 194. Let w = f - -163. What is the units digit of w?
6
Let j(s) = 6*s**2 - 5*s**2 + 0*s + s + s**2 - s**3. Let t be j(2). Suppose -155 = -5*p + 5*z, t*p + 3*z - 11 = 56. What is the units digit of p?
2
Let w(y) = y + 7*y**3 - y + 1. Let r be w(1). Suppose -4*n + r + 50 = -5*q, 4*q = -3*n + 28. What is the tens digit of n?
1
Suppose h - 390 = -g + 161, 2*g = 4*h + 1114. Suppose 5*w = -2*u + g, -249 = -5*w - 4*u + 302. What is the tens digit of w?
1
Suppose 4*f + n = 5*f - 52, 0 = 2*f + n - 95. Suppose -364 - f = -7*q. What is the tens digit of q?
5
Let c = -339 - -547. What is the hundreds digit of c?
2
Suppose 3*d = -1 - 